{"id":217,"date":"2024-01-03T13:29:58","date_gmt":"2024-01-03T13:29:58","guid":{"rendered":"https:\/\/ultra-boys.org\/?page_id=217"},"modified":"2026-04-16T10:46:30","modified_gmt":"2026-04-16T10:46:30","slug":"unterstuetzen","status":"publish","type":"page","link":"https:\/\/ultra-boys.org\/aktuelles\/unterstuetzen\/","title":{"rendered":"Unterst\u00fctzen"},"content":{"rendered":"\n<p>Als selbstorganisierte Gruppe sind wir auf Spenden in verschiedenen Formen angewiesen, um unsere Aktionen im Stadion und Au\u00dferhalb zu finanzieren. Dabei besteht bei jedem Heimspiel die M\u00f6glichkeit, an unserem Verkaufsstand am Ostkurvensaal \u00fcber einfache Geldspenden zu helfen. <\/p>\n\n\n\n<p>Gerne nehmen wir auch Sachspenden entgegen. Wenn beim letzten Umzug etwas liegen geblieben ist, verwerten wir gerne die Reste. Dazu geh\u00f6ren: <\/p>\n\n\n\n<ul class=\"wp-block-list\">\n<li>Tapete<\/li>\n\n\n\n<li>Farben jeglicher Art<\/li>\n\n\n\n<li>Pinsel &amp; Rollen<\/li>\n\n\n\n<li>Klebeband (Gaffa, Doppelseitig, Kreppband usw.)<\/li>\n\n\n\n<li>Kabelbinder<\/li>\n\n\n\n<li>Abdeckfolien <\/li>\n\n\n\n<li>Cuttermesser und Scheren <\/li>\n\n\n\n<li>Kabelrohre <\/li>\n\n\n\n<li>Stoffreste (Bettlaken, Gardienen)<\/li>\n\n\n\n<li>Batterien f\u00fcr Megaphone (LR14 Baby C)<\/li>\n\n\n\n<li>Trommeln und Trommelsticks oder Trommelfelle (16&#8243;)<\/li>\n<\/ul>\n\n\n\n<p>Au\u00dferdem nehmen wir jederzeit geschreddertes Papier f\u00fcr zuk\u00fcnftige Aktionen mit Konfetti an. <\/p>\n\n\n\n<p><\/p>\n\n\n\n<p>Sollten Fragen offen sein, scheut euch nicht uns am Spieltag oder per Mail an info@ultraboys.org zu kontaktieren. Gr\u00f6\u00dfere Mengen an Sachspenden holen wir gerne bei euch ab!<\/p>\n\n\n\n<p>Vielen Dank f\u00fcr eure Unterst\u00fctzung!<\/p>\n","protected":false},"excerpt":{"rendered":"<p>Als selbstorganisierte Gruppe sind wir auf Spenden in verschiedenen Formen angewiesen, um unsere Aktionen im Stadion und Au\u00dferhalb zu finanzieren. Dabei besteht bei jedem Heimspiel die M\u00f6glichkeit, an unserem Verkaufsstand am Ostkurvensaal \u00fcber einfache Geldspenden zu helfen. Gerne nehmen wir auch Sachspenden entgegen. Wenn beim letzten Umzug etwas liegen geblieben ist, verwerten wir gerne die &hellip; <a href=\"https:\/\/ultra-boys.org\/aktuelles\/unterstuetzen\/\" class=\"more-link\"><span class=\"screen-reader-text\">\u201eUnterst\u00fctzen\u201c <\/span>weiterlesen<\/a><\/p>\n","protected":false},"author":1,"featured_media":0,"parent":0,"menu_order":0,"comment_status":"closed","ping_status":"closed","template":"","meta":{"footnotes":""},"class_list":["post-217","page","type-page","status-publish","hentry"],"_links":{"self":[{"href":"https:\/\/ultra-boys.org\/aktuelles\/wp-json\/wp\/v2\/pages\/217","targetHints":{"allow":["GET"]}}],"collection":[{"href":"https:\/\/ultra-boys.org\/aktuelles\/wp-json\/wp\/v2\/pages"}],"about":[{"href":"https:\/\/ultra-boys.org\/aktuelles\/wp-json\/wp\/v2\/types\/page"}],"author":[{"embeddable":true,"href":"https:\/\/ultra-boys.org\/aktuelles\/wp-json\/wp\/v2\/users\/1"}],"replies":[{"embeddable":true,"href":"https:\/\/ultra-boys.org\/aktuelles\/wp-json\/wp\/v2\/comments?post=217"}],"version-history":[{"count":6,"href":"https:\/\/ultra-boys.org\/aktuelles\/wp-json\/wp\/v2\/pages\/217\/revisions"}],"predecessor-version":[{"id":297,"href":"https:\/\/ultra-boys.org\/aktuelles\/wp-json\/wp\/v2\/pages\/217\/revisions\/297"}],"wp:attachment":[{"href":"https:\/\/ultra-boys.org\/aktuelles\/wp-json\/wp\/v2\/media?parent=217"}],"curies":[{"name":"wp","href":"https:\/\/api.w.org\/{rel}","templated":true}]}}